(o). Calculate the greatest common factor of 8 and w.
4
Suppose -59 - 9 = -t - s, -4*t + 3*s + 237 = 0. Let p be (44/6)/(14/t). Let h = -13 + p. Calculate the highest common divisor of h and 5.
5
Suppose s + 3*s = 100. What is the highest common divisor of s and 25?
25
Let k(b) = -b**3 - 10*b**2 + b + 3. Let l be k(-10). Let q(j) = j**2 + 5*j. Let x be q(l). What is the highest common divisor of 28 and x?
14
Let j be 501/6 - 1/(-2). Suppose 0 = -4*y + 63 - 15. What is the highest common divisor of y and j?
12
Let x be (6*12)/(9/6). What is the greatest common factor of 16 and x?
16
Let l = -13 - -4. Let f(u) = -u**3 - 8*u**2 + 5*u + 12. Let k be f(l). Calculate the highest common divisor of k and 32.
16
Suppose -14*f + 52 = -12*f. What is the greatest common factor of 39 and f?
13
Let d = 17 + -5. Let l(s) = 2*s**2 + s - 7. Let i(n) = 2*n - 5. Let g be i(5). Let f be l(g). What is the highest common divisor of d and f?
12
Let s = -2 - -20. What is the greatest common factor of 3 and s?
3
Let p = 17 + 7. Suppose 0 = -5*a + m + 3, -2*a - 5 - 3 = -5*m. Suppose -h + a + 2 = 0. What is the greatest common factor of h and p?
3
Let l be (9 - (-2 + 4))*1. Calculate the highest common divisor of 21 and l.
7
Let z = 4 - 14. Let m(s) = -5*s + 2. Let p be m(z). What is the greatest common factor of p and 130?
26
Let b(w) = -w - 3 + 9*w + 8*w**2 - w**3 + 2*w. Suppose v - 45 = -4*v. Let c be b(v). What is the highest common factor of c and 4?
2
Let a(s) = s**3 - 10*s**2 + 2*s - 5. Let n be a(10). What is the greatest common factor of n and 75?
15
Let b be (-5)/10 + (-795)/(-6). What is the highest common factor of b and 12?
12
Suppose 5*l = 133 - 38. Let y = l + -12. Let x = y - 3. What is the highest common factor of x and 44?
4
Suppose -2*c = -6 - 6. Let j = -6 + 15. Suppose j = -4*a + 201. Calculate the highest common factor of c and a.
6
Let j be 27/(3*(-3)/(-6)). What is the highest common divisor of 144 and j?
18
Suppose -s - 2*g = 0, -2*s + g = -0 - 5. Suppose 0 = 4*t - s*x - 0 - 2, 2*x + 5 = 5*t. What is the greatest common factor of t and 24?
3
Suppose -2*x = 3*g + 7, 4*g + 2*x + 4 + 2 = 0. What is the greatest common factor of g and 1?
1
Let x be ((-3)/(-6))/(1/28). Let d(i) = -i**2 + 3*i. Let j be d(-4). Let a = j - -63. What is the highest common factor of x and a?
7
Let v = -44 + 152. Let i(o) = -1 - 1 - 2*o - o**2 - 5*o + 4. Let w be i(-5). What is the greatest common factor of w and v?
12
Suppose -8*m + 7*m + 95 = 0. What is the greatest common factor of 38 and m?
19
Let y be ((-4)/8)/((-1)/6). Let d(x) = 2*x**2 + 3*x + 1. Let i be d(y). What is the highest common factor of i and 14?
14
Let g be (2/(-6))/((-3)/261). What is the greatest common divisor of g and 116?
29
Let l(y) = -6*y - 44. Let h be l(-12). Calculate the greatest common factor of h and 56.
28
Suppose 37*z - 31*z - 1224 = 0. Calculate the highest common divisor of z and 51.
51
Suppose -2*v - 3*v - 4*u + 156 = 0, v = 5*u + 8. Calculate the highest common factor of v and 4.
4
Let i be (-1 - -17)/(1 + -2). Let s be (-61)/(-4) + 4/i. Calculate the greatest common factor of 60 and s.
15
Let d(u) = 3*u**2 + 4*u + 8. Let t be d(-2). What is the highest common factor of 8 and t?
4
Let c = 9 - 7. What is the highest common divisor of 18 and c?
2
Let v be 1137/12 - -1*1/4. Suppose 0 = 5*t + 2*w - 16 - 87, 0 = 3*w - 12. What is the highest common factor of v and t?
19
Let c = -9 + 17. Let z(b) = -b - 2. Let p(o) = -7*o + 1. Let x be p(1). Let t be z(x). Calculate the highest common factor of c and t.
4
Suppose -g - 6*p + p = -87, -3*g + 2*p = -210. What is the greatest common divisor of g and 9?
9
Let z = 20 - -124. What is the greatest common divisor of 18 and z?
18
Let j be (-108)/8*20/(-3). Calculate the greatest common factor of j and 10.
10
Suppose 22 = c + 3*k, 0 = -5*c + 3*k + 25 + 13. Calculate the highest common divisor of c and 20.
10
Let h(l) = -l**3 + 4*l**2 + 2*l. Let u be h(4). What is the highest common divisor of u and 8?
8
Let a = -10 + 18. Suppose -3*k = -a*k + 20. Suppose -k*d + 445 = -35. Calculate the greatest common divisor of 12 and d.
12
Suppose -4*c = -0*c - 144. Let r be (c - 0) + (4 - 5). What is the greatest common divisor of 7 and r?
7
Let u = -2 + 19. What is the highest common factor of 153 and u?
17
Suppose -2*v - 4 = -6. Let f be (60/9)/(v/3). Calculate the greatest common divisor of f and 40.
20
Let n(d) = 14*d + 10. Let x(y) = 1. Let r(z) = -2*n(z) + 22*x(z). Let q be r(-3). Let m = q - 26. Calculate the highest common divisor of 24 and m.
12
Suppose -2*i + 4 + 6 = 0. Let w = -33 - -78. Calculate the highest common factor of i and w.
5
Suppose 2*g = -0*g - 98. Let i = g + 97. What is the highest common divisor of i and 6?
6
Let y be (-510)/(-24) + -6 + 1/(-4). What is the highest common divisor of 15 and y?
15
Suppose 5*k - 20 = 25. Suppose y - z + 2*z = k, 4*z + 52 = 4*y. What is the highest common factor of 121 and y?
11
Let p(w) = -21*w - 3. Let t be p(-7). Let v be (-8)/12 + (-150)/(-9). What is the greatest common divisor of v and t?
16
Suppose 8*w - 4*w - 5*t = 34, 5*w - 22 = -4*t. What is the greatest common factor of 2 and w?
2
Let q = 57 - -42. Calculate the greatest common factor of 9 and q.
9
Suppose -3*y - 33 = -3*n, y = 4*n - 2*n - 19. Suppose 42 = -n*b + 11*b. Calculate the greatest common divisor of b and 28.
14
Suppose -19 = -v - i + 8, 2*i = 0. Calculate the highest common divisor of 27 and v.
27
Let s = -9 + 45. What is the highest common factor of s and 108?
36
Suppose 180 = 2*u + u. Let n(r) = 8*r + 8. Let m be n(2). What is the greatest common divisor of m and u?
12
Suppose -2*a - 3*o = 6, 0*a - a + 2*o + 4 = 0. Suppose a*z = -z + 2. Suppose 17 = z*f - 23. Calculate the highest common factor of f and 4.
4
Let z be 11/22 + 31/2. What is the highest common factor of z and 8?
8
Let m(k) = 14*k - 22. Let f be m(4). What is the greatest common factor of 102 and f?
34
Suppose 15 = 5*r, -t - t + 2*r + 46 = 0. Suppose -j + t = 9. Suppose -4*o + 7 = -j. What is the highest common divisor of o and 12?
6
Suppose -4*c + 10 = 2*g, 0*g - c + 2 = g. Let p be -1*(g*36 + 0). What is the highest common factor of p and 24?
12
Let r = -24 + 48. Calculate the greatest common divisor of 48 and r.
24
Let u(a) = -4*a - 12. Let n be u(-7). What is the greatest common factor of n and 80?
16
Let y = 37 - 36. What is the highest common divisor of 1 and y?
1
Let g be (-1)/(-6) + 63/(-54). Let w be g/3 - 16/(-3). Suppose 3*o - 2*v - 123 + 7 = 0, o = v + 38. What is the greatest common divisor of w and o?
5
Suppose 0 = 3*q - 0*q - 60. Calculate the highest common factor of q and 50.
10
Let k be 2/(1*(0 + -1)). Suppose -2*o - 5 = -j, -3*o - j - 5 = -0. Let b be o/(-3)*(-57)/k. Calculate the greatest common divisor of 95 and b.
19
Let v = -20 + 42. Suppose 4*y - 42 = j - 0*j, -2*y + j + 20 = 0. What is the greatest common factor of v and y?
11
Let j be 2/5 - (-114)/15. What is the greatest common divisor of 72 and j?
8
Suppose 0*s - 5*s = 0. Suppose -5*t - 15 + 40 = s. Suppose -11 = -2*j + t. What is the greatest common factor of 88 and j?
8
Let g(y) = -y**3 - 20*y**2 - 21*y - 26. Let u be g(-19). What is the highest common divisor of 3 and u?
3
Let o = 91 - 75. Calculate the highest common factor of 64 and o.
16
Suppose -234 = -5*a - d + 46, d + 62 = a. What is the greatest common divisor of a and 38?
19
Let x be 46/3*12/(-2). Let c = x + 143. Let k(b) = 34*b. Let z be k(1). What is the greatest common factor of c and z?
17
Suppose 2*l - 2 - 2 = 0. Suppose -3*f = -5*o - 7, l*f - 7 - 15 = -o. Let t be 1/(-3)*(1 + -4). What is the greatest common divisor of f and t?
1
Let s(k) = k**2 + 5*k + 6. Let w be (-136)/24 + 1/(-3). Let r be s(w). What is the highest common factor of 36 and r?
12
Let d be (10/6)/(5/15). Suppose 1 = -2*t - 5, w + d*t - 20 = 0. What is the highest common divisor of w and 14?
7
Suppose 20*b - 19*b = 80. Suppose s = -4, -5*w + 2*w + 10 = 5*s. What is the highest common divisor of w and b?
10
Let g = -18 + 38. Suppose -161 = -p + q, -3*q - 2 - 1 = 0. What is the greatest common factor of g and p?
20
Let g(b) = -65*b - 22. Let d be g(-6). Calculate the greatest common factor of 46 and d.
46
Let w(g) = g + 11. Let l be w(-8). Suppose -y = l*m - 